 - 3. Determine l(5).
6
Let y(p) = p**2 - 1. Let z = -35 - -41. Suppose 0 = -4*l - 5*n - 7, 5*l - 7 = -z*n + 5*n. Suppose 0 = f + 2*c, 3*f = -f + l*c + 20. Give y(f).
15
Let h(u) = -69*u - 484. Let o(f) = 2*f**2 - 197*f - 106. Let a be o(99). Give h(a).
-1
Let j(p) = p - 12. Suppose -38*u + 4930 = -2176. Let l = u + -179. Give j(l).
-4
Let f(y) = -y - 18. Suppose -384*q - 18 = -h - 386*q, 26 = 3*h - q. Calculate f(h).
-28
Let r(o) = -29*o + 13677 - 13647 + 37*o. Determine r(11).
118
Let u(c) be the second derivative of c**4/12 + 7*c**3/6 + 5*c**2/2 - 983*c. Determine u(-4).
-7
Let k(c) = 28*c + 124 + 113 - 8. Calculate k(-8).
5
Let h(z) = -5*z**3 + 3*z + 2. Let u(t) = 59*t - 4662. Let v be u(79). What is h(v)?
4
Let s(g) = g**2 - 3*g. Let m be s(4). Let d(n) be the third derivative of n**5/60 - n**4/6 - 3*n**2 - 16595*n. Determine d(m).
0
Let t(r) = -25*r - 8 - 125*r**2 + 31*r**2 + 92*r**2 + 0. Calculate t(-11).
25
Let u = 15 + -21. Let b(z) be the second derivative of z**4/24 + z**3/2 + 13*z**2 + 20*z + 2. Let i(v) be the first derivative of b(v). What is i(u)?
-3
Let c(l) be the second derivative of l**5/20 - l**4/4 + 5*l**3/6 + 2*l**2 - 2*l. Let b be (-372)/4278 + 270/(-69) - -8. Give c(b).
40
Let r = 2 - 4. Let c(p) be the second derivative of -p**5/24 + p**4/12 - 3*p**3 - 3*p**2 + 385*p. Let h(n) be the second derivative of c(n). What is h(r)?
12
Suppose 2*s = -4*p + 60, -48 = -3*s - p + 27. Let r(q) = 9*q - 223. What is r(s)?
-7
Let z(r) be the second derivative of -r**3/6 + r**2 + 665*r. Determine z(-2).
4
Let d(f) = 35*f**2 + 2*f**3 + f**3 + 15*f - f**3 - 26*f**2 - 58 - 24*f**2. What is d(7)?
-2
Let r(u) = 2*u + 32*u**3 - 27*u**3 + 1 - 3*u**3. Calculate r(-3).
-59
Let c = -308 - -337. Let i(w) = w**3 - 28*w**2 - 29*w + 9. Let y be i(c). Let v(h) = h**3 - 9*h**2 + 13. Calculate v(y).
13
Let z(g) be the first derivative of -g**4/4 + 11*g**3/3 - g**2/2 + 11*g - 8559. Determine z(11).
0
Let a(t) = -3*t**3 - 2*t**2 + 2*t + 1. Let p be (-2 + (-5)/(-1))*(-2)/(-3). Let v be a(p). Let y = 19 + v. Let l(h) = h**2 + 9*h - 3. Determine l(y).
-11
Let k be -1 - (-3)/(-2 - 46/(-20)). Suppose 24 = w - 5*l - 3, -4*l = 3*w - 100. Suppose -a = -k*a + w. Let y(h) = -h**3 + 3*h**2 + 3*h + 3. Determine y(a).
-1
Let h(y) = -2 + y**3 + y - 3 + y**2 - 2*y + 2. Let x be h(0). Let j(g) be the first derivative of -g**2/2 - 2*g + 504. What is j(x)?
1
Let n(u) be the first derivative of -u**3/3 - 2*u**2 + 3*u - 6. Let o(b) = -b**2 - 13*b - 42. Let c be o(-4). Calculate n(c).
-9
Let h(o) be the first derivative of 0*o - 1/4*o**4 + 3/2*o**2 - 7 - 7/3*o**3. Calculate h(-7).
-21
Suppose 151 = -27*s - 11. Let f(p) be the second derivative of p**3/2 + 7*p**2/2 - 130*p. Calculate f(s).
-11
Let b = -10834 - -10828. Let x(f) = -2*f**3 - 11*f**2 + 14. Determine x(b).
50
Let a(o) = o - 19. Let j be a(38). Let t(r) = -13 + 8 - j*r + 17 + 22*r. Let y = 1 - 9. Determine t(y).
-12
Let w(r) = -49*r. Suppose 589 + 983 = 2*l. Let c = -785 + l. Give w(c).
-49
Suppose -l = 3*z - 15, -l + z = -7 - 4. Let y = -9 + l. Let q(k) = 10*k**y + 26 - 13 - 12 + 2*k. Give q(-1).
-11
Suppose 3*d = -5*n + 17, 10 = -2*n - 0*d + 3*d. Let m(y) = -y**3 - 7*y**2 + 8*y - 14. Let s(k) = -k**2 + k + 1. Let o(u) = n*m(u) + 5*s(u). Determine o(-13).
-9
Let z be 9/(-2)*(-20)/180. Let h(c) be the first derivative of z*c**2 + 17 - 2*c. Give h(6).
4
Let o(a) = -494 - a + 495 + 2*a. Let d(c) be the third derivative of c**4/24 + 5*c**3/6 + 10*c**2. Let h be d(-11). Determine o(h).
-5
Suppose 0 = 5*z + 37 - 182. Suppose -5*c + 31 = -q, -5*c - q + z = -0*q. Let h(j) = 2*j**2 - 13*j. Determine h(c).
-6
Let h(f) = f**2 + 8*f - 4. Suppose -27*r + 59 = -48*r - 130. Determine h(r).
5
Let k(t) = 11*t**3 - 17*t**2 + 5*t + 4. Let q(c) be the first derivative of -7*c**4/4 + 11*c**3/3 - 3*c**2/2 - 3*c - 82. Let r(v) = 5*k(v) + 8*q(v). Give r(3).
-1
Suppose 0*o + 2 = o. Let f be 3/(27/(-2)) - 266/(-63). Let t(n) = -o*n**2 - 7*n - f + 13*n + 0*n**2. Give t(5).
-24
Let c be 1*14 - (-89 + 103). Let y(t) be the third derivative of 1/8*t**4 + 0*t - 13*t**2 - 1/2*t**3 - 1/20*t**5 - 1/120*t**6 + c. Determine y(-4).
1
Let k(g) be the second derivative of g**4/12 + 5*g**3/3 - g**2 - 116*g. Determine k(0).
-2
Let c = 2653 - 2673. Let j(h) = -h**2 - 19*h + 28. What is j(c)?
8
Let i = -3989 + 4015. Let u(x) = 11*x - 279. Calculate u(i).
7
Let j(l) = -l**3 + l**2 - 3*l + 2. Suppose -h + 3*g = -12, -6*h + 7*h = -3*g. Suppose -5*b - 10 = -5*n, 4*b - h*b - 7 = -5*n. Determine j(n).
-1
Let j(a) = -8*a + 42. Let u = 291 + 88. Let p = -373 + u. What is j(p)?
-6
Let y = -4051 - -4046. Let f(p) = 6*p + 9. Determine f(y).
-21
Let a(j) = -j**3 + 3*j**2 - 5*j + 5. Let f be a(2). Let l be 7 + ((-1)/f - -2). Let s(y) = -2*y + 10. Calculate s(l).
-10
Let i(g) = -53*g**3 + 17*g**2 - 15*g + 1. Let o(v) = -115*v**3 + 36*v**2 - 31*v + 1. Let q(p) = 13*i(p) - 6*o(p). What is q(-7)?
-28
Let a(k) = 5*k - 224. Let h(v) = 3*v - 141. Let r(p) = 5*a(p) - 8*h(p). Calculate r(4).
12
Let u(d) = -10*d**2 - 12*d - 7. Let l(c) = 3*c**2 - c + 2. Let p(v) = 3*l(v) + u(v). What is p(-8)?
55
Let o = 2668 - 2683. Let d(c) = -c**2 - 15*c + 18. Determine d(o).
18
Let o(j) = -j**3 - 3*j - 2. Let h = 14 - 16. Let g be h + 2 - (-3 + 5). Calculate o(g).
12
Let b(o) = -11*o - 72. Let g = 17077 - 17083. Calculate b(g).
-6
Let y(l) = l**3 - 12*l**2 - l + 7. Suppose 0 = -51*m + 59*m + 8. Let h be 15 + -5 + 3 + m. What is y(h)?
-5
Let h(d) = -106*d**2 - 283*d - 634. Let f(y) = 13*y**2 + 35*y + 79. Let c(r) = 49*f(r) + 6*h(r). Give c(-7).
-3
Let s(r) = 12*r. Suppose -2*v + 2*k - 32 = 6*k, 15 = -5*v + 3*k. Let t be v + 16 + -6 + -3. Calculate s(t).
12
Let c(l) be the third derivative of l**8/20160 - l**7/1260 - l**6/240 - l**5/6 - 5*l**3/6 + l**2 - 8. Let a(o) be the third derivative of c(o). Give a(5).
2
Let f(b) = b**3 + 4*b**2 + 4*b - 2. Let a be f(-3). Let m be (-10 + 0)*8/a. Let v(g) = -m*g**2 + 5*g**2 + 4*g**2 - g**3 + 5 + 2*g. What is v(-7)?
-9
Let b = -24 - -32. Let q(l) = b*l - 9 - l**2 - 11 + 17. Calculate q(7).
4
Let o(h) = -1 + 4 - 4 + 4 - 24*h. Give o(-2).
51
Suppose 1700*o = 1536*o - 2132. Let d(l) = -12*l - 159. Calculate d(o).
-3
Let i(w) = w**2 - 15*w - 22. Suppose -4*r - 294 = 17*r. Let y be (-1430)/(-91) - (0 - (-4)/r). What is i(y)?
-6
Let r(b) be the first derivative of 124 + 7/3*b**3 + 1/4*b**4 + 2*b**2 - 7*b. Give r(-7).
-35
Let y be (-80)/(-60)*18/8. Let r(l) = 4*l**2 - 5*l - 3*l**2 + 0*l**2 + 2*l - 2. What is r(y)?
-2
Let h(f) = f**3 - 18*f**2 + 38*f - 347. Let i be h(17). Let d(g) = -g**3 + 9*g**2 + 9*g + 21. Give d(i).
11
Let n(s) = s + 2. Let j = -442 - -414. Let q be (j*(-1)/8)/(1/2). What is n(q)?
9
Let c = -925 + 895. Let p be c/9*(-12)/8. Let w(v) = v**2 - 6*v + 9. Determine w(p).
4
Let k(a) = -61*a + 2. Let h(b) = -58*b + 8. Let l(c) = -6*h(c) + 5*k(c). Give l(1).
5
Suppose 0 = 43*b - 31*b + 252. Let t(j) = j**3 + 21*j**2 + 3*j + 58. Give t(b).
-5
Let j(a) = -a**2 + 24*a - 54. Let z = -2873 - -2895. Calculate j(z).
-10
Let t(k) = -6*k**2 - k + 3. Suppose -28046*i - 12 = -28050*i. What is t(i)?
-54
Let z(b) = -b**3 - 5*b**2 + 7*b + 10. Let s be (-20)/6*23*(-15)/(-230). Calculate z(s).
-25
Let o(c) = 9*c**2 + 78*c - 12. Let y(w) = 18*w**2 + 156*w - 19. Let b(r) = 5*o(r) - 2*y(r). Determine b(-9).
5
Let b be (8/(-3) + 2)/((-6)/27). Suppose 0 = -5*a + 31 - 16. Let p(i) = -111*i**2 + 2*i**3 - a + 107*i**2 - 1. What is p(b)?
14
Let h(z) = z**3 - z + 8*z - 14749*z**2 + 3 + 14756*z**2. Let j(b) = -11*b - 1. Let c be j(-1). Suppose 3*v - v = -c. What is h(v)?
18
Suppose -5*u - 3*a + 136 = 111, -5*u + a + 25 = 0. Let g(q) = 6*q - 11. Determine g(u).
19
Let n(y) be the third derivative of 7*y**4/24 - 10*y**3/3 - 26*y**2. Let v be n(5). Let m(h) = 2 + 7*h - v*h + 2*h + 7*h. Determine m(-5).
-3
Let n(b) = -9*b**2 - 2*b + 3. Suppose -2*a + 8*a = 6. Calculate n(a).
-8
Let a(c) = 112*c + 12. Let n(o) = 25*o + 2. Let y(v) = 4*a(v) - 18*n(v). Let f = 17 - 10. What is y(f)?
-2
Let n be (-21)/(-9)*(-555)/(-259). Let d(h) be the third derivative of -1/3*h**3 + 14*h**2 + 1/24*h**4 + 0*h + 0 + 1/60*h**n. Determine d(2).
4
Let o(r) = -r**2 + 2*r + 11. Suppose -19*j + 0 + 38 = 0. Suppose -j*t - 10*t = -4*t. Give o(t).
11
Let h = -479 + 258. Let l = 221 + h. Let j(p) = p - 2.